{"id":1393,"date":"2021-01-05T14:42:00","date_gmt":"2021-01-05T13:42:00","guid":{"rendered":"http:\/\/kochamnyse.pl\/sklep\/?post_type=product&#038;p=1393"},"modified":"2023-03-24T14:54:00","modified_gmt":"2023-03-24T13:54:00","slug":"t-shirt-kocham-nyse-wzor-nysa-czarna","status":"publish","type":"product","link":"https:\/\/kochamnyse.pl\/sklep\/index.php\/produkt\/t-shirt-kocham-nyse-wzor-nysa-czarna\/","title":{"rendered":"M\u0119ska Koszulka Kocham Nys\u0119 &#8211; Wz\u00f3r NYsa czarny"},"content":{"rendered":"<p>Nysa jest pe\u0142na zabytk\u00f3w. Ka\u017cdy z nich ma swoj\u0105 histori\u0119.<br \/>\nNam na koszulce uda\u0142o si\u0119 zamkn\u0105\u0107 kontury wi\u0119kszo\u015bci z nich, by\u015b m\u00f3g\u0142 wspiera\u0107 lokalny patriotyzm.<\/p>\n","protected":false},"excerpt":{"rendered":"<p>Rozmiary:<br \/>\n<img class=\"alignnone size-large wp-image-1301\" src=\"http:\/\/kochamnyse.pl\/sklep\/wp-content\/uploads\/2021\/02\/Nysa_rozmiary_meskie-1024x545.png\" alt=\"\" width=\"100%\" srcset=\"https:\/\/i2.wp.com\/kochamnyse.pl\/sklep\/wp-content\/uploads\/2021\/02\/Nysa_rozmiary_meskie.png?resize=1024%2C545&amp;ssl=1 1024w, https:\/\/i2.wp.com\/kochamnyse.pl\/sklep\/wp-content\/uploads\/2021\/02\/Nysa_rozmiary_meskie.png?resize=300%2C160&amp;ssl=1 300w, https:\/\/i2.wp.com\/kochamnyse.pl\/sklep\/wp-content\/uploads\/2021\/02\/Nysa_rozmiary_meskie.png?resize=768%2C409&amp;ssl=1 768w, https:\/\/i2.wp.com\/kochamnyse.pl\/sklep\/wp-content\/uploads\/2021\/02\/Nysa_rozmiary_meskie.png?resize=1536%2C817&amp;ssl=1 1536w, https:\/\/i2.wp.com\/kochamnyse.pl\/sklep\/wp-content\/uploads\/2021\/02\/Nysa_rozmiary_meskie.png?resize=2048%2C1090&amp;ssl=1 2048w, https:\/\/i2.wp.com\/kochamnyse.pl\/sklep\/wp-content\/uploads\/2021\/02\/Nysa_rozmiary_meskie.png?resize=1170%2C623&amp;ssl=1 1170w, https:\/\/i2.wp.com\/kochamnyse.pl\/sklep\/wp-content\/uploads\/2021\/02\/Nysa_rozmiary_meskie.png?resize=600%2C319&amp;ssl=1 600w, https:\/\/i2.wp.com\/kochamnyse.pl\/sklep\/wp-content\/uploads\/2021\/02\/Nysa_rozmiary_meskie.png?w=3000&amp;ssl=1 3000w\" sizes=\"(max-width: 1024px) 100vw, 1024px\" \/><\/p>\n","protected":false},"featured_media":1399,"template":"","meta":{"spay_email":""},"product_cat":[83],"product_tag":[],"_links":{"self":[{"href":"https:\/\/kochamnyse.pl\/sklep\/index.php\/wp-json\/wp\/v2\/product\/1393"}],"collection":[{"href":"https:\/\/kochamnyse.pl\/sklep\/index.php\/wp-json\/wp\/v2\/product"}],"about":[{"href":"https:\/\/kochamnyse.pl\/sklep\/index.php\/wp-json\/wp\/v2\/types\/product"}],"wp:featuredmedia":[{"embeddable":true,"href":"https:\/\/kochamnyse.pl\/sklep\/index.php\/wp-json\/wp\/v2\/media\/1399"}],"wp:attachment":[{"href":"https:\/\/kochamnyse.pl\/sklep\/index.php\/wp-json\/wp\/v2\/media?parent=1393"}],"wp:term":[{"taxonomy":"product_cat","embeddable":true,"href":"https:\/\/kochamnyse.pl\/sklep\/index.php\/wp-json\/wp\/v2\/product_cat?post=1393"},{"taxonomy":"product_tag","embeddable":true,"href":"https:\/\/kochamnyse.pl\/sklep\/index.php\/wp-json\/wp\/v2\/product_tag?post=1393"}],"curies":[{"name":"wp","href":"https:\/\/api.w.org\/{rel}","templated":true}]}}