{"id":72,"date":"2018-08-24T01:24:09","date_gmt":"2018-08-24T01:24:09","guid":{"rendered":"http:\/\/192.168.1.209\/greenfarm\/?page_id=13"},"modified":"2021-02-04T10:09:54","modified_gmt":"2021-02-04T09:09:54","slug":"about-us","status":"publish","type":"page","link":"https:\/\/kochamnyse.pl\/sklep\/index.php\/about-us\/","title":{"rendered":"O nas"},"content":{"rendered":"<p>[vc_row el_class=&#8221;about-introduce&#8221;][vc_column][vc_single_image image=&#8221;1280&#8243; img_size=&#8221;full&#8221; alignment=&#8221;center&#8221;][vc_column_text]<\/p>\n<h3>Wpieraj lokalne projeky<\/h3>\n<p>Jedyny taki projekt spo\u0142eczny w Nysie.<br \/>\nPoka\u017cemy miejsca w kt\u00f3re nie ka\u017cdy mo\u017ce dotrze\u0107, oraz co ciekawego oferuje nasze miasto! Odkrywaj Nys\u0119 razem z nami! W naszym sklepie znajdziesz unikatowe ubrania i gad\u017cety z nyskim akcentem. Wzbudzamy lokalny patryjotyzm.<br \/>\nJe\u017celi chcesz z nami wsp\u00f3\u0142pracowa\u0107, skontaktuj si\u0119: bardzo@kochamnyse.pl[\/vc_column_text][\/vc_column][\/vc_row][vc_row full_width=&#8221;stretch_row&#8221; el_class=&#8221;about-policy fix-bottom-space&#8221; css=&#8221;.vc_custom_1548991442931{background-color: #f3f3f3 !important;background-position: center !important;background-repeat: no-repeat !important;background-size: cover !important;}&#8221;][vc_column offset=&#8221;vc_col-lg-4 vc_col-md-4&#8243;][vc_single_image image=&#8221;717&#8243; img_size=&#8221;full&#8221; alignment=&#8221;center&#8221;][vc_column_text]<\/p>\n<h4>Unikatowy design<\/h4>\n<p>Sprawd\u017a nasze unikatowe wzory, inspirowane naszym miastem.[\/vc_column_text][\/vc_column][vc_column offset=&#8221;vc_col-lg-4 vc_col-md-4&#8243;][vc_single_image image=&#8221;718&#8243; img_size=&#8221;full&#8221; alignment=&#8221;center&#8221;][vc_column_text]<\/p>\n<h4>Przyst\u0119pna cena<\/h4>\n<p>Tworzymy dla ludzi unikatowe, wysokiej jako\u015bci produkty w przyst\u0119pnych cenach.[\/vc_column_text][\/vc_column][vc_column offset=&#8221;vc_col-lg-4 vc_col-md-4&#8243;][vc_single_image image=&#8221;719&#8243; img_size=&#8221;full&#8221; alignment=&#8221;center&#8221;][vc_column_text]<\/p>\n<h4>Prosty kontakt<\/h4>\n<p>Wystarczy \u017ce odwiedzisz sekretariat szko\u0142y Pascal lub napiszesz email. Odpowiemy na wszystkie pytania.[\/vc_column_text][\/vc_column][\/vc_row]<\/p>\n","protected":false},"excerpt":{"rendered":"<p>[vc_row el_class=&#8221;about-introduce&#8221;][vc_column][vc_single_image image=&#8221;1280&#8243; img_size=&#8221;full&#8221; alignment=&#8221;center&#8221;][vc_column_text] Wpieraj lokalne projeky Jedyny taki projekt spo\u0142eczny w Nysie. Poka\u017cemy miejsca w kt\u00f3re nie ka\u017cdy mo\u017ce dotrze\u0107, oraz co ciekawego oferuje nasze miasto! Odkrywaj Nys\u0119 razem z nami! W naszym sklepie znajdziesz unikatowe ubrania i gad\u017cety z nyskim akcentem. Wzbudzamy lokalny patryjotyzm. Je\u017celi chcesz z<\/p>\n","protected":false},"author":1,"featured_media":0,"parent":0,"menu_order":0,"comment_status":"closed","ping_status":"closed","template":"page-templates\/about-page.php","meta":{"spay_email":""},"_links":{"self":[{"href":"https:\/\/kochamnyse.pl\/sklep\/index.php\/wp-json\/wp\/v2\/pages\/72"}],"collection":[{"href":"https:\/\/kochamnyse.pl\/sklep\/index.php\/wp-json\/wp\/v2\/pages"}],"about":[{"href":"https:\/\/kochamnyse.pl\/sklep\/index.php\/wp-json\/wp\/v2\/types\/page"}],"author":[{"embeddable":true,"href":"https:\/\/kochamnyse.pl\/sklep\/index.php\/wp-json\/wp\/v2\/users\/1"}],"replies":[{"embeddable":true,"href":"https:\/\/kochamnyse.pl\/sklep\/index.php\/wp-json\/wp\/v2\/comments?post=72"}],"version-history":[{"count":3,"href":"https:\/\/kochamnyse.pl\/sklep\/index.php\/wp-json\/wp\/v2\/pages\/72\/revisions"}],"predecessor-version":[{"id":1281,"href":"https:\/\/kochamnyse.pl\/sklep\/index.php\/wp-json\/wp\/v2\/pages\/72\/revisions\/1281"}],"wp:attachment":[{"href":"https:\/\/kochamnyse.pl\/sklep\/index.php\/wp-json\/wp\/v2\/media?parent=72"}],"curies":[{"name":"wp","href":"https:\/\/api.w.org\/{rel}","templated":true}]}}